- 8. Let h(y) = -y**2 + 1. Let a(m) = -2*h(m) + o(m). What is the tens digit of a(4)?
8
Let k = -10 + -7. Let j be ((-3)/4)/(k/(-136)). Let i = 21 - j. What is the tens digit of i?
2
Let p(z) = 2*z - 3. Let t be p(-5). Let f = t + 15. Suppose 2 = -d + i + 27, i = f*d - 46. What is the units digit of d?
1
Let v(u) = 161*u**2 - 21*u - 15. What is the thousands digit of v(-3)?
1
Suppose 3*d - 2*m = -2*d + 104, 0 = -5*d - 5*m + 125. Suppose 0 = d*p - 27*p + 550. Suppose 0 = 2*k + 3*s - 2*s - 58, s + p = 4*k. What is the tens digit of k?
2
Suppose -4*x = -21 - 7. Suppose 8*y - 1633 = x. What is the units digit of y?
5
Let t = 8593 - 5904. What is the thousands digit of t?
2
Suppose 2*d + 4*n - 4 = 0, -19*d - 65 = -24*d + n. What is the tens digit of d?
1
Suppose 22 = -l - 5*b - 22, -3*l - 5*b = 122. Let z = -111 + l. What is the tens digit of (1/(-1))/(5/z)?
3
Let w(v) = 181*v**2 - v. Let k be w(1). Let f = k + -111. What is the tens digit of f?
6
Suppose 2*j = 10, 2*j - 4 = w + j. Suppose -5*h = 2*x - w, 3*x + 1 = -h - 4. What is the tens digit of x + (-1)/((-3)/57)?
1
Let l(r) = r**2 + 6*r + 18. Let u be l(-4). Suppose -u*a - 1572 = -16*a. What is the hundreds digit of a?
2
What is the units digit of 12/(-6)*(-527)/2?
7
Suppose 18 = 4*x - 14. Suppose 4*g = 4*h - 104, h - 4*g - 28 = -2*g. What is the tens digit of h*((-28)/x)/(-7)?
1
Suppose 5*l = 2*c + 15, -c - 4 = -0*c + l. Let q be ((-6)/c)/(6/90). Let h = q + -13. What is the units digit of h?
5
Let y = -1198 - -2557. What is the tens digit of y?
5
Let w = -288 + 2482. What is the hundreds digit of w?
1
Let z(c) = -c - 1. Let x be z(1). Let a(u) = u**2 - u. Let n(d) = d**2 + 5*d + 2. Let h(f) = 4*a(f) + n(f). What is the units digit of h(x)?
0
What is the tens digit of 6/15*5255/2?
5
Let a(u) = -u. Let w(i) = 18*i + 5. Let q(m) = -2*a(m) - w(m). Let n be q(-4). Suppose -5*c = -k - 1 - 67, 2*k - n = -5*c. What is the units digit of c?
3
Suppose 1079 = -4*h + 4*m + 271, 0 = -5*h + 4*m - 1006. Let v = -119 - h. What is the units digit of v?
9
Let a(r) = -10*r + 7. Let w be (2 - -2) + 2 + -11. Let d be a(w). Let k = 97 - d. What is the units digit of k?
0
Suppose 2*y + 137 = -3*a, -a - 4*a - y - 240 = 0. Let f = -14 - a. What is the units digit of f?
5
Let p(n) = -2*n**2 - 110*n - 93. What is the units digit of p(-39)?
5
Let a be (-880)/(-6) - (-4)/(-6). Let b = -228 + 226. What is the units digit of 1/(a/(-74) - b)?
7
Suppose 24*h = 29*h - 180. What is the hundreds digit of (-3)/h*-2 - (-1631)/6?
2
Let q be (17 - 1/(-1) - -3)*9. Suppose 3*u - 4*v = 336, -35 = -2*u + 2*v + q. What is the units digit of u?
2
Let i be 4/((-8)/10)*-1. Suppose 3*u = 2*f + 4, -3*u - i*f = -2*u - 24. Suppose u*y = -y + k + 302, -k = -y + 62. What is the units digit of y?
0
Suppose -3*t + 11*t = 888. What is the tens digit of t?
1
Suppose -2*x - 72 = -4*i + 3*x, x - 54 = -3*i. Suppose -31*y + i = -30*y. What is the units digit of y?
8
Suppose 4*r + f + 0*f - 10 = 0, 0 = 5*r - 2*f - 19. Suppose s - 8 - 166 = -4*d, r*d - 348 = -2*s. What is the hundreds digit of s?
1
Let y = 767 + -440. What is the hundreds digit of y?
3
Let q = -1463 - -3543. What is the units digit of q?
0
Suppose 3*h + 4*a = 112, 3*a = 3*h - 97 - 8. Suppose -5*r = -8*r - h. What is the units digit of ((-32)/12)/(2/r)?
6
Let t = -145 - -544. What is the units digit of (t/(-38))/(2/(-12))?
3
Suppose -2*x + 2569 = 3*h, 4*h + 3828 = 3*x - 0*h. What is the thousands digit of x?
1
What is the units digit of 3027/9 + 7/(-21)?
6
Let f = -1 + -8. Let c be 3/f + (-49)/(-3). Suppose 9*a = 7*a + c. What is the units digit of a?
8
Let j = 1121 + -397. What is the units digit of j?
4
Let t be (-4)/18 + (-20)/(-9). Suppose 2*b + 158 = t*s, s - 5*b - 131 = -32. Suppose -4*r + 54 = 3*c + 2*c, 4*r = 5*c + s. What is the tens digit of r?
1
Suppose 13 - 1 = 3*s. Suppose -4*d - s*g = 428, d - 2*d - 2*g = 107. Let h = d - -162. What is the units digit of h?
5
Let t(b) = -13*b - 6. Let d be t(-2). Suppose d = x + 2*c, -7 = -2*x + 3*c - 2. What is the units digit of x?
0
Let o = 27 + -13. Suppose 2*z - 5*u = 28, z - 4*u = 6 + o. Suppose -v + 49 = 5*c, 0 = z*v - 7*v - 3*c + 135. What is the units digit of v?
4
Let v = 13 + 13. Let w = -1 + v. What is the tens digit of w?
2
Let q(h) = 273*h - 249. What is the hundreds digit of q(10)?
4
Let z = 108 + -106. What is the tens digit of 77/z + (-1)/(-2)?
3
Let q be (21/12)/7*4. Suppose o + 0*t = -4*t + 6, 3*o - 18 = t. Let k = q + o. What is the units digit of k?
7
Let x(q) = q**3 + 8*q**2 - 10*q - 9. Let c be x(-9). Suppose c = i - 0*i - 3. Suppose -49 = -i*l + 2*p, 2*l - p - 12 = 20. What is the units digit of l?
5
Let g = -3077 - -5709. What is the tens digit of g?
3
What is the tens digit of (-1 - 1733/(-2))*(-800)/(-600)?
5
Suppose 3 - 21 = 2*y. Let i = 32 + y. What is the units digit of i?
3
Suppose -2*i + 1 - 43 = 0. Let c = i + 68. What is the units digit of c?
7
Let r = 539 + 724. What is the hundreds digit of r?
2
Let k be 1 + -2 - ((4 - 3) + -8). Suppose 460 = k*d - d. What is the tens digit of d?
9
Let z = 143 - -149. What is the hundreds digit of z?
2
Let w(d) be the third derivative of d**5/60 + 5*d**4/12 + 2*d**3 + 6*d**2 + 4*d. Let i be 34/(-4) - 1/2. What is the units digit of w(i)?
3
What is the thousands digit of (-3450)/15*(17/(-2) - -2)?
1
Suppose -2*n + 59 = 5*m, n + m - 4*m = 35. Suppose 3*j - 42 - 242 = -5*b, -3*j + 5*b + 274 = 0. Suppose -5*q + n = -j. What is the tens digit of q?
2
Let r = 4959 - 2728. What is the tens digit of r?
3
Let d(b) = b**3 + 2*b. Let l = -16 - -12. Let o(h) = 2*h**3 + 4*h + 1. Let t(q) = l*o(q) + 7*d(q). What is the tens digit of t(-3)?
2
Suppose 0 = 2*o - 1543 - 1087. What is the thousands digit of o?
1
Let s = 84 - -199. What is the tens digit of s?
8
Let o be 4/(-12) - (-12372)/18. Suppose 0 = -5*r + o + 3. What is the hundreds digit of r?
1
Let n = 2714 + -1588. What is the tens digit of n?
2
Let m(p) = -6*p - 22. Let h = -18 + 22. Suppose 20 = -4*x, -r - 55 = h*r + x. What is the units digit of m(r)?
8
Suppose 5*i + 3*l = 244, 5*l - 3*l = i - 54. Let w be (-1)/(-4) + i/(-8). What is the units digit of ((-34)/w)/((-6)/(-18))?
7
Suppose -2*a = -3*f - 6*a + 49, 3*a = 3*f - 84. Let d = -9 + f. What is the units digit of d?
4
Let b(n) = n**2 + 17*n + 193. What is the hundreds digit of b(-19)?
2
Let c(w) be the first derivative of 5*w**3 - w**2 + 9*w + 12. What is the hundreds digit of c(-3)?
1
Suppose -1 = -j + 21. Suppose j*l - 75 = 17*l. Suppose -2*y + 57 = -l. What is the tens digit of y?
3
Let q(b) = -14*b - 186. What is the units digit of q(-56)?
8
Let c = -26 - -28. Let b be 0 + (2 + -2 - 1). What is the tens digit of (-34 - -6)*b/c?
1
Suppose 0 = -5*t + m + 9721, -15*t = -11*t + 4*m - 7796. What is the tens digit of t?
4
Let o(a) = a**2 - 3*a - 4. Let q be o(-5). Suppose 3*k + 4*d - q = 0, -k = 4*k + d - 60. What is the tens digit of ((-78)/k)/(2/(-4))?
1
Let y(g) = -2*g - 8. Let n be y(-7). Let p = -6 + n. Suppose -l + p*j + 6 = j, -14 = l - 3*j. What is the units digit of l?
1
Let b(y) = y**3 - 5*y**2 - 2*y + 13. Let g be (60/8 + -3)*(-8)/(-6). What is the tens digit of b(g)?
3
Let g = -14 + 17. Suppose -9*l - 168 = -g*l. What is the units digit of -3 - (-7)/(l/(-24))?
3
Let x(u) = -5*u**2 - 2*u + 5. Let c(p) = 6*p**2 + p - 6. Let b(r) = -3*c(r) - 4*x(r). What is the hundreds digit of b(6)?
1
Let x(i) = 114*i - 104. What is the units digit of x(5)?
6
Let m be 58/6 - 26/39. Suppose m*w - 712 = w. What is the tens digit of w?
8
What is the tens digit of (-3 - 3)*489/(-6)?
8
Let j be ((-10)/(-30))/(2/6). Suppose -p + 5*a - j = -14, 4*p + 4*a - 4 = 0. Suppose -2*w - 3*w = 4*z - 109, 3 = p*z. What is the tens digit of w?
2
Suppose 26 = 5*z + 6. Suppose 0*o + z*o = 548. What is the units digit of o?
7
Suppose d - 1 - 3 = 0. Suppose -4*a = k - d, a + 5*k + 25 = 7. Let x(b) = 13*b + 1. What is the tens digit of x(a)?
2
Suppose -5*k + 2 = -2*l + 8, -4*k = -3*l + 2. What is the hundreds digit of -5 + 3 - k - -156?
1
Let x(d) = -d**2 - 5*d + 1. Let q be x(-5). What is the tens digit of 51 - (-3)/3*(1 + q)?
5
Let j = 25 - 25. Let l = j - -47. What is the tens digit of l?
4
Let x(u) be the third derivative of -23*u**4/24 - 5*u**3/6 - u**2. What is the tens digit of x(-3)?
6
Suppose 